 = -608935399. Is p a prime number?
True
Suppose -59*o + 121*o + 58*o = 27744360. Is o a composite number?
True
Suppose -6*y = p - 524555, 29*y = 4*p + 32*y - 2098346. Is p prime?
True
Let m(y) = -2224*y + 245. Is m(-18) a composite number?
False
Let z be 204/(-153)*(-192018)/(-4). Is 1/(-8)*4*z prime?
True
Is 2*6/(-42) + (-11193395)/(-35) composite?
False
Suppose 0 = k + i + 2, k - 2*i - i - 14 = 0. Suppose -10990 = -0*g - 7*g. Is -3*(g/(-15))/k a composite number?
False
Suppose 2*s - 112102 = 4*t, 280264 = 4*s + s - t. Is s a prime number?
True
Suppose 0 = -22*h + 14*h + 40. Suppose 2*p - 4*s - 6242 = 10608, -h*p - s + 42092 = 0. Is p prime?
True
Let q(c) = 75*c**2 - 7*c - 5. Let v be q(3). Is 2 + v + (1 - (9 + -4)) composite?
False
Suppose p = -4*r + 3218, -3*p = r - 6979 - 2719. Let s = p - 1181. Is s a prime number?
True
Suppose 4*j - 11*z + 9*z - 2642894 = 0, 0 = z - 7. Is j composite?
False
Let m(z) = -z**2 - z + 22. Let t be -2 - 2*(4 - 5). Let a be m(t). Is (a - -2) + 2 + -4 composite?
True
Let t = 363 + -361. Suppose -6*d - 466 = -k - 11*d, 0 = t*k - 4*d - 890. Is k a composite number?
True
Suppose 0 = -3*p + 4*a + 318451 - 9540, 2*a + 8 = 0. Is p prime?
False
Suppose -11*w + 361 + 46 = 0. Suppose -33*r + w*r - 6836 = 0. Is r composite?
False
Suppose 0 = w - 2504 + 27. Suppose -9878 = -4*o - 2*p, -w = 3*o - 4*o + 2*p. Is o a composite number?
True
Suppose -3*l + 26 = -5*i - 33, -4*i - 3 = l. Suppose -5570 = l*r - 18*r. Is r composite?
True
Let y(l) = 8*l**2 - 143*l + 1042. Is y(111) prime?
True
Let c(b) = -18*b - 115. Let n be c(-7). Suppose 0 = n*w - 88585 - 201144. Is w a prime number?
True
Let j = -822846 - -1520939. Is j a composite number?
True
Suppose 2*i - 145 = 3*p, p - 2*i - 137 = 4*p. Let w = p - -44. Is (-10888)/(-32)*(-12)/w a prime number?
True
Let h be (6 - 3 - -1) + 60/(-2). Suppose 3*p = -5*p - 2680. Let b = h - p. Is b a prime number?
False
Suppose 0 = -4*w - 2*h - 0*h + 66, -5*w = -3*h - 99. Suppose 0 = -9*v + 117 - w. Let q = v - -172. Is q composite?
True
Let n(i) be the second derivative of -i**5/20 + 5*i**4/4 + i**3 - 17*i**2/2 - 39*i. Is n(8) composite?
False
Let x(j) = -j**3 - 40*j**2 - 142*j - 28. Let d be (-2)/((-16)/(-6))*52. Is x(d) a composite number?
False
Is -14 + 14156*(-23)/(-4) a prime number?
False
Let a(n) = -4*n + 2. Let z be -7 + 5 + 3 + (2 - -1). Let o be a(z). Is (o/6 + 4)*1059 a prime number?
False
Let a be (16 - 1)*(70 - 71). Is (-8)/(-60) - 18883/a composite?
False
Suppose -2*z + 276 = 2*m + 1292, -4*z = -m - 528. Let a = -3521 - m. Is (-2)/(-5) + a/(-15) + 0 composite?
True
Is (153/(-102))/(3/23)*(-370286)/7 prime?
False
Let z(r) = r**2. Let k(c) = 46*c**2 - 4*c + 4. Let s = -1 - 4. Let t(y) = s*z(y) + k(y). Is t(-5) a composite number?
False
Suppose -i = 4*l - 2185839, -585103 = -l - 5*i - 38667. Is l composite?
False
Is (808/20)/((-92)/(-63710)) a composite number?
True
Is (1021973/4)/(-1*((-15)/(-12))/(-5)) prime?
True
Let g = 511 + -501. Is g/(-2) + (9 - -7)*2293 a composite number?
False
Suppose -88 = -8*n - 24. Suppose -n*a = 2*a - 2210. Is a composite?
True
Suppose -989539 = -5*p - 2*d, d + 379217 + 412422 = 4*p. Is p a prime number?
True
Suppose -2027385 = -34783*u + 34774*u. Is u a composite number?
True
Is 897145/(7 - (5 - (-2)/2)) composite?
True
Suppose p = -39 - 61. Let a = 99 + p. Is ((-3 - 2/(-2)) + -107)*a a prime number?
True
Let b = 183 + 498. Let y = b + -246. Let p = 612 - y. Is p prime?
False
Let i = 157903 + 1801308. Is i a composite number?
True
Let d(r) = 214*r**3 - 3*r**2 + 6*r - 36. Is d(5) a composite number?
False
Let s = -7 + 7. Suppose s*w = w + 4. Is (w/(60/3845))/((-3)/9) a composite number?
False
Let p = -5638 + 9689. Let u = p + -20. Is u a composite number?
True
Let k be (1210/(-4))/11*(-4)/10. Suppose -9*w - 10 = -k*w. Suppose 0 = -w*d + 20, -2*d = 4*f + f - 193. Is f prime?
True
Let k(u) = u**2 - u - 1. Let s(g) = g**3 - g**2 + 3*g - 125. Let x(o) = -2*k(o) - s(o). Let w be 4 + 4 - 80/(22 + -12). Is x(w) a composite number?
False
Let i(v) = -8 + 1 - 155*v - 10. Suppose 0 = -5*b - 5*m + m - 90, 9 = -b + m. Is i(b) composite?
False
Suppose 11 - 2 = -3*x, -3*n + 2829834 = -5*x. Is n a composite number?
False
Let p(i) = 59*i**2 + 9*i + 4. Let d be p(13). Suppose -2*b + 6331 = q - d, b + 65710 = 4*q. Is q composite?
False
Let v = 120913 + -32268. Is v prime?
False
Let i(k) = -2*k - 1. Let y(x) = 6*x + 42. Let z(o) = 2*i(o) + 2*y(o). Is z(38) a prime number?
False
Let u be 0 + 5/(-15) + (-817)/(-3). Is 391440/u - 6/51 composite?
False
Is -8 + 9/(-3) + 11 + 28789 a prime number?
True
Let f = 97544 + 16827. Is f composite?
False
Let m(k) = -k**3 + 6*k**2 + 3*k - 5. Let z(v) = 3*v + 6. Let f be 9/(-2) + (-5 - 44/(-8)). Let s be z(f). Is m(s) composite?
False
Suppose 5*w - 33216 = 3*y, 3*y = w - 0*y - 6648. Suppose -2603 - w = -5*s + f, -2*f = -3*s + 5547. Is s a composite number?
True
Let r = 21956 - 14469. Suppose -3*h + r = -5*q, 5*q - 2100 = -h + 369. Is h composite?
True
Suppose 0 = 34*b - 69422 + 345842. Let s = 12139 + b. Is s a prime number?
False
Let b(s) be the third derivative of 3*s**5/20 - 25*s**4/24 - 11*s**3/6 + 44*s**2. Is b(-13) composite?
True
Is (-12 - (-26)/(-39)*-27) + 551411 a prime number?
False
Let j(r) = 2*r - 2. Let o be j(1). Let x(n) = 4*n**2 - n + 5953. Is x(o) prime?
True
Suppose -4*o - o + 1742 = 3*h, 0 = -3*o + 12. Suppose -4*n = 2*i + 534 + h, -557 = i + n. Is -6 + 11 + (0 - i) a prime number?
False
Suppose -s + 4 - 3 = 0, 0 = 3*l - 4*s - 9844529. Is l a prime number?
False
Suppose 5*l = -2*i + 28, 5*l + 6 = -4*i + 62. Suppose i = 5*x + w - 1, -4*w + 20 = 0. Is 83 + (-16)/(6 - x) prime?
True
Suppose -204718 = 23*g + 13*g - 1011730. Is g composite?
True
Suppose -11*n + 12*n - 52 = 0. Suppose 0 = n*u - 50*u - 3794. Is u a prime number?
False
Let i(z) = 48*z**3 + 26*z**2 - 118*z + 77. Is i(18) composite?
True
Let w be 2207/(-1) - 105/21. Let y = -5870 - -2541. Let t = w - y. Is t composite?
False
Let u(v) = v - 14. Let b be u(-3). Let j = b - -14. Let k = 158 - j. Is k prime?
False
Let j(l) = -360*l - 45. Let y be j(-7). Let w = 3692 - y. Is w a prime number?
True
Suppose -5*m + 10 = 0, 2*a - 3 - 1 = -2*m. Let o be ((-2 - -4) + a)/(6/123). Suppose -o*t + 268 = -37*t. Is t prime?
True
Suppose 52 = -5*g - 8*g. Let b be 4 + (g - (4 - 10)). Suppose -u + b*u = 8185. Is u a prime number?
True
Suppose 2165*f = 2152*f + 6199037. Is f a composite number?
False
Let f be (-8)/(168/75467)*-3. Suppose 5*l + x = 5*x + f, 4*l - 8628 = 4*x. Is l prime?
True
Suppose -10676 = 38*i - 42*i. Let a = i + 1164. Is a a prime number?
True
Let r(y) = -3*y**3 - 4*y**2 - 3*y - 11. Let i be r(-7). Let n = i + 1886. Suppose j = -4*w + 2725, 6*w - n = 2*w - 5*j. Is w a composite number?
True
Suppose 5*h = 6*h + 1220. Let v = h - -426. Let a = 1417 + v. Is a composite?
True
Let o(u) = -9*u**3 - 2*u**2 - u. Let i be o(-1). Let d be ((-12)/i)/(4677/(-2334) + 2). Suppose 14*g = 15*g - d. Is g prime?
True
Suppose 4*d + 6316 = 4*q, 2195 = 3*q + d - 2538. Let j = -901 + q. Is j composite?
False
Let o(t) = t**3 + 11*t**2 + 14*t + 49. Let i be o(-10). Is ((-946610)/(-105))/(6/i) prime?
True
Let g(n) be the second derivative of -3*n**5/20 - 7*n**4/6 + 19*n**3/6 + 67*n**2/2 + 32*n. Is g(-15) a composite number?
True
Let v(k) = -k**2 + 18*k + 33. Let r be v(24). Let a = r + 99. Let h = a - -161. Is h prime?
True
Let y(x) be the second derivative of -3313*x**3/3 + 13*x**2/2 - 61*x. Is y(-1) prime?
False
Suppose -4*u + 31403 = -2*u + 3*w, 0 = 4*u + 3*w - 62797. Is u a composite number?
True
Let z(o) = -4*o**3 - 12*o**2 + 2*o - 19. Let c(u) = -3*u**2 - 99*u - 6. Let i be c(-33). Is z(i) composite?
False
Let i(a) = 3*a**3 - 31*a**2 - 19*a + 38. Let h be i(28). Suppose -58455 = -9*v + h. Is v prime?
True
Let c(r) = 12748*r - 187. Is c(6) prime?
False
Suppose -14*p = -15*p + q, 2*p = -3*q + 15. Suppose -9*h = p*f - 5*h - 17243, 4 = -4*h. Is f prime?
True
Suppose 6156 = 29*g + 1545. Is 1*(5 + -3) + g composite?
True
Suppose 3*p - w = -0*p, -p = -2*w. Is (-2 - p - -1) + (-2900)/(-10) composite?
True
Let x = 227 - 194. Suppose 0 = 17*i - x*i + 136720. Is i a composite number?
True
Suppose -43*i = -42*i + 75691. Is (i/55)/(48/(-15) + 3) a composite number?
True
Suppose -5*m = -12*m